mainder when 15323 is divided by 3645?
743
Calculate the remainder when 505307 is divided by 24058.
89
Calculate the remainder when 1267359 is divided by 26402.
63
What is the remainder when 60673075 is divided by 7584133?
11
What is the remainder when 8210 is divided by 1618?
120
What is the remainder when 108808 is divided by 1876?
0
Calculate the remainder when 722226 is divided by 642.
618
What is the remainder when 77844 is divided by 1627?
1375
Calculate the remainder when 4100209 is divided by 99.
25
What is the remainder when 4094585 is divided by 1628?
165
Calculate the remainder when 75999447 is divided by 19.
17
Calculate the remainder when 46284 is divided by 32.
12
What is the remainder when 1232068 is divided by 308016?
4
Calculate the remainder when 29856 is divided by 1085.
561
Calculate the remainder when 48349 is divided by 2251.
1078
Calculate the remainder when 49216997 is divided by 209434.
7
Calculate the remainder when 22118972 is divided by 623.
603
What is the remainder when 75094 is divided by 7509?
4
Calculate the remainder when 8981254 is divided by 1135.
1134
Calculate the remainder when 157493866 is divided by 247.
244
What is the remainder when 2725039 is divided by 1168?
95
Calculate the remainder when 245138 is divided by 5.
3
Calculate the remainder when 1333445 is divided by 85.
50
Calculate the remainder when 5671031 is divided by 2497.
344
Calculate the remainder when 107932 is divided by 12780.
5692
What is the remainder when 54985 is divided by 1299?
427
Calculate the remainder when 928048 is divided by 690.
688
Calculate the remainder when 52502 is divided by 2539.
1722
Calculate the remainder when 180230 is divided by 13853.
141
Calculate the remainder when 134825 is divided by 1295.
145
What is the remainder when 22661452 is divided by 7553813?
13
Calculate the remainder when 129434 is divided by 180.
14
What is the remainder when 1197623 is divided by 28?
7
What is the remainder when 40862852 is divided by 228?
8
Calculate the remainder when 5368426 is divided by 2737.
1169
Calculate the remainder when 513038 is divided by 931.
57
What is the remainder when 315318 is divided by 484?
234
What is the remainder when 396110 is divided by 41?
9
What is the remainder when 107172146 is divided by 695923?
4
Calculate the remainder when 66442371 is divided by 17.
13
Calculate the remainder when 135097979 is divided by 38.
37
Calculate the remainder when 40110168 is divided by 121.
120
Calculate the remainder when 9660360 is divided by 8474.
0
What is the remainder when 115273 is divided by 238?
81
What is the remainder when 1660551 is divided by 17119?
8
What is the remainder when 110597 is divided by 75?
47
What is the remainder when 3089759 is divided by 1187?
1185
Calculate the remainder when 179973 is divided by 22488.
69
What is the remainder when 2506447 is divided by 1994?
1983
What is the remainder when 674983 is divided by 224928?
199
Calculate the remainder when 11383 is divided by 5289.
805
What is the remainder when 2887272 is divided by 2055?
2052
Calculate the remainder when 48554 is divided by 5236.
1430
Calculate the remainder when 38470 is divided by 3842.
50
Calculate the remainder when 26659722 is divided by 55.
12
Calculate the remainder when 87446 is divided by 133.
65
What is the remainder when 1229800 is divided by 708?
4
Calculate the remainder when 26613634 is divided by 1774240.
34
What is the remainder when 170576767 is divided by 11?
9
Calculate the remainder when 32743477 is divided by 478.
477
Calculate the remainder when 29038193 is divided by 1773.
1772
Calculate the remainder when 600481 is divided by 600470.
11
What is the remainder when 547607 is divided by 28820?
27
What is the remainder when 8858913 is divided by 2658?
2457
What is the remainder when 4850503 is divided by 1616769?
196
Calculate the remainder when 46116 is divided by 1362.
1170
What is the remainder when 4789088 is divided by 445?
443
What is the remainder when 1756062 is divided by 292627?
300
Calculate the remainder when 271198 is divided by 54219.
103
Calculate the remainder when 29374 is divided by 27885.
1489
What is the remainder when 5223492 is divided by 326?
320
Calculate the remainder when 478908 is divided by 239418.
72
Calculate the remainder when 59928 is divided by 11964.
108
Calculate the remainder when 30193205 is divided by 187.
185
Calculate the remainder when 8566252 is divided by 95.
7
Calculate the remainder when 1506453834 is divided by 1286.
1284
What is the remainder when 4437402 is divided by 133?
123
Calculate the remainder when 5323064 is divided by 11.
10
Calculate the remainder when 945371 is divided by 236339.
15
What is the remainder when 304150 is divided by 13779?
1012
Calculate the remainder when 45048 is divided by 2703.
1800
Calculate the remainder when 103611 is divided by 76.
23
What is the remainder when 240676 is divided by 14150?
126
Calculate the remainder when 746224207 is divided by 262.
261
Calculate the remainder when 652635 is divided by 202.
175
Calculate the remainder when 1537844 is divided by 242.
176
Calculate the remainder when 6310682 is divided by 1571.
1546
Calculate the remainder when 2674492 is divided by 21.
16
Calculate the remainder when 8646764 is divided by 665135.
9
Calculate the remainder when 169191 is divided by 2143.
2037
What is the remainder when 10913072 is divided by 7434?
7394
What is the remainder when 765206 is divided by 12?
2
What is the remainder when 3470871 is divided by 758?
747
What is the remainder when 20585620 is divided by 4669?
4668
Calculate the remainder when 1630048 is divided by 542963.
1159
What is the remainder when 6278512 is divided by 422?
418
Calculate the remainder when 46716831 is divided by 23358408.
15
Calculate the remainder when 126018 is divided by 2623.
114
What is the remainder when 84203 is divided by 1763?
1342
What is the remainder when 15030506 is divided by 995?
36
Calculate the remainder when 15807473 is divided by 92.
33
What is the remainder when 69707 is divided by 142?
127
Calculate the remainder when 986710 is divided by 150.
10
What is the remainder when 506896 is divided by 506399?
497
Calculate the remainder when 5420264 is divided by 37124.
160
Calculate the remainder when 1971735 is divided by 54767.
123
What is the remainder when 84712579 is divided by 1452?
1447
Calculate the remainder when 21475694 is divided by 68832.
110
Calculate the remainder when 923191694 is divided by 14.
12
What is the remainder when 11486 is divided by 10789?
697
What is the remainder when 56264 is divided by 277?
33
Calculate the remainder when 72217 is divided by 4797.
262
What is the remainder when 232201 is divided by 29024?
9
Calculate the remainder when 4917910 is divided by 77.
74
Calculate the remainder when 16063942 is divided by 24.
22
What is the remainder when 114283 is divided by 55654?
2975
What is the remainder when 52562 is divided by 1380?
122
Calculate the remainder when 190382 is divided by 416.
270
What is the remainder when 122329036 is divided by 24465806?
6
Calculate the remainder when 463014 is divided by 2841.
2772
Calculate the remainder when 71273413 is divided by 35636700.
13
Calculate the remainder when 104594783 is divided by 142.
139
Calculate the remainder when 2754498 is divided by 10.
8
Calculate the remainder when 44526 is divided by 7333.
528
What is the remainder when 1286156 is divided by 601?
16
What is the remainder when 118228 is divided by 8338?
1496
What is the remainder when 5637172 is divided by 30?
22
What is the remainder when 24709505 is divided by 3076?
3073
Calculate the remainder when 119260 is divided by 4772.
4732
What is the remainder when 1220950 is divided by 35883?
928
Calculate the remainder when 428260 is divided by 727.
57
What is the remainder when 30670575 is divided by 7667642?
7
What is the remainder when 2561842 is divided by 381?
379
Calculate the remainder when 80852202 is divided by 306.
270
Calculate the remainder when 1509249 is divided by 754610.
29
Calculate the remainder when 23793 is divided by 2598.
411
What is the remainder when 29354283 is divided by 26374?
21
Calculate the remainder when 3190059 is divided by 82.
13
Calculate th